{"id":1156,"date":"2024-04-12T16:49:42","date_gmt":"2024-04-12T16:49:42","guid":{"rendered":"https:\/\/hausermexico.com\/?post_type=product&#038;p=1156"},"modified":"2024-04-12T16:51:22","modified_gmt":"2024-04-12T16:51:22","slug":"portarretrato-pato","status":"publish","type":"product","link":"https:\/\/hausermexico.com\/index.php\/product\/portarretrato-pato\/","title":{"rendered":"PORTARRETRATO PATO"},"content":{"rendered":"<p>Dale un toque de encanto y diversi\u00f3n a tus recuerdos con nuestro Portarretrato Pato. Este adorable portarretrato en forma de pato es perfecto para mostrar tus fotograf\u00edas m\u00e1s queridas con un toque de originalidad. <\/p>\n<p>Fabricado con materiales de alta calidad y con atenci\u00f3n al detalle, este portarretrato a\u00f1adir\u00e1 un toque \u00fanico a cualquier espacio de tu hogar. Col\u00f3calo en tu mesa de noche, estante o escritorio para dar vida a tus recuerdos y agregar un toque de alegr\u00eda y personalidad a tu decoraci\u00f3n. Con este portarretrato pato, tus momentos m\u00e1s preciados cobrar\u00e1n vida con un encanto irresistible.<\/p>\n","protected":false},"excerpt":{"rendered":"<p>Dale un toque de encanto y diversi\u00f3n a tus recuerdos con nuestro Portarretrato Pato. Este adorable portarretrato en forma de pato es perfecto para mostrar tus fotograf\u00edas m\u00e1s queridas con un toque de originalidad. Fabricado con materiales de alta calidad y con atenci\u00f3n al detalle, este portarretrato a\u00f1adir\u00e1 un toque \u00fanico a cualquier espacio de [&hellip;]<\/p>\n","protected":false},"featured_media":1157,"comment_status":"open","ping_status":"closed","template":"","meta":{"_monsterinsights_skip_tracking":false,"_monsterinsights_sitenote_active":false,"_monsterinsights_sitenote_note":"","_monsterinsights_sitenote_category":0},"product_brand":[],"product_cat":[37],"product_tag":[],"class_list":{"0":"post-1156","1":"product","2":"type-product","3":"status-publish","4":"has-post-thumbnail","6":"product_cat-portarretratos","8":"first","9":"instock","10":"taxable","11":"shipping-taxable","12":"purchasable","13":"product-type-simple"},"aioseo_notices":[],"_links":{"self":[{"href":"https:\/\/hausermexico.com\/index.php\/wp-json\/wp\/v2\/product\/1156","targetHints":{"allow":["GET"]}}],"collection":[{"href":"https:\/\/hausermexico.com\/index.php\/wp-json\/wp\/v2\/product"}],"about":[{"href":"https:\/\/hausermexico.com\/index.php\/wp-json\/wp\/v2\/types\/product"}],"replies":[{"embeddable":true,"href":"https:\/\/hausermexico.com\/index.php\/wp-json\/wp\/v2\/comments?post=1156"}],"version-history":[{"count":1,"href":"https:\/\/hausermexico.com\/index.php\/wp-json\/wp\/v2\/product\/1156\/revisions"}],"predecessor-version":[{"id":1158,"href":"https:\/\/hausermexico.com\/index.php\/wp-json\/wp\/v2\/product\/1156\/revisions\/1158"}],"wp:featuredmedia":[{"embeddable":true,"href":"https:\/\/hausermexico.com\/index.php\/wp-json\/wp\/v2\/media\/1157"}],"wp:attachment":[{"href":"https:\/\/hausermexico.com\/index.php\/wp-json\/wp\/v2\/media?parent=1156"}],"wp:term":[{"taxonomy":"product_brand","embeddable":true,"href":"https:\/\/hausermexico.com\/index.php\/wp-json\/wp\/v2\/product_brand?post=1156"},{"taxonomy":"product_cat","embeddable":true,"href":"https:\/\/hausermexico.com\/index.php\/wp-json\/wp\/v2\/product_cat?post=1156"},{"taxonomy":"product_tag","embeddable":true,"href":"https:\/\/hausermexico.com\/index.php\/wp-json\/wp\/v2\/product_tag?post=1156"}],"curies":[{"name":"wp","href":"https:\/\/api.w.org\/{rel}","templated":true}]}}