{"id":763,"date":"2024-04-05T17:45:51","date_gmt":"2024-04-05T17:45:51","guid":{"rendered":"https:\/\/hausermexico.com\/?post_type=product&#038;p=763"},"modified":"2024-04-05T17:46:39","modified_gmt":"2024-04-05T17:46:39","slug":"portacontroles-verna-giratoria-vinil","status":"publish","type":"product","link":"https:\/\/hausermexico.com\/index.php\/product\/portacontroles-verna-giratoria-vinil\/","title":{"rendered":"PORTACONTROLES VERNA GIRATORIA VINIL"},"content":{"rendered":"<p>Los portacontroles son un accesorio pr\u00e1ctico y funcional que ayuda a mantener organizados los mandos a distancia de tus dispositivos electr\u00f3nicos. Adem\u00e1s de evitar que los mandos se pierdan o se da\u00f1en, los portacontroles tambi\u00e9n permiten tenerlos siempre a mano y a la vista, facilitando as\u00ed su uso y evitando tener que buscarlos cada vez que los necesitemos. Este portacontrol tiene una base giratoria para su c\u00f3modo uso.En definitiva, los portacontroles son un complemento ideal para mantener el orden y la practicidad en tu sala de estar o habitaci\u00f3n. \u00a1Nunca m\u00e1s perder\u00e1s un mando a distancia!<\/p>\n<p>MEDIDAS:\u00a015.5cm x 17.5cm x 16.5cm<br \/>MATERIAL : Vinil<\/p>\n","protected":false},"excerpt":{"rendered":"<p>Los portacontroles son un accesorio pr\u00e1ctico y funcional que ayuda a mantener organizados los mandos a distancia de tus dispositivos electr\u00f3nicos. Adem\u00e1s de evitar que los mandos se pierdan o se da\u00f1en, los portacontroles tambi\u00e9n permiten tenerlos siempre a mano y a la vista, facilitando as\u00ed su uso y evitando tener que buscarlos cada vez [&hellip;]<\/p>\n","protected":false},"featured_media":764,"comment_status":"open","ping_status":"closed","template":"","meta":{"_monsterinsights_skip_tracking":false,"_monsterinsights_sitenote_active":false,"_monsterinsights_sitenote_note":"","_monsterinsights_sitenote_category":0},"product_brand":[],"product_cat":[33],"product_tag":[],"class_list":{"0":"post-763","1":"product","2":"type-product","3":"status-publish","4":"has-post-thumbnail","6":"product_cat-accesorios","8":"first","9":"instock","10":"taxable","11":"shipping-taxable","12":"purchasable","13":"product-type-simple"},"aioseo_notices":[],"_links":{"self":[{"href":"https:\/\/hausermexico.com\/index.php\/wp-json\/wp\/v2\/product\/763","targetHints":{"allow":["GET"]}}],"collection":[{"href":"https:\/\/hausermexico.com\/index.php\/wp-json\/wp\/v2\/product"}],"about":[{"href":"https:\/\/hausermexico.com\/index.php\/wp-json\/wp\/v2\/types\/product"}],"replies":[{"embeddable":true,"href":"https:\/\/hausermexico.com\/index.php\/wp-json\/wp\/v2\/comments?post=763"}],"version-history":[{"count":0,"href":"https:\/\/hausermexico.com\/index.php\/wp-json\/wp\/v2\/product\/763\/revisions"}],"wp:featuredmedia":[{"embeddable":true,"href":"https:\/\/hausermexico.com\/index.php\/wp-json\/wp\/v2\/media\/764"}],"wp:attachment":[{"href":"https:\/\/hausermexico.com\/index.php\/wp-json\/wp\/v2\/media?parent=763"}],"wp:term":[{"taxonomy":"product_brand","embeddable":true,"href":"https:\/\/hausermexico.com\/index.php\/wp-json\/wp\/v2\/product_brand?post=763"},{"taxonomy":"product_cat","embeddable":true,"href":"https:\/\/hausermexico.com\/index.php\/wp-json\/wp\/v2\/product_cat?post=763"},{"taxonomy":"product_tag","embeddable":true,"href":"https:\/\/hausermexico.com\/index.php\/wp-json\/wp\/v2\/product_tag?post=763"}],"curies":[{"name":"wp","href":"https:\/\/api.w.org\/{rel}","templated":true}]}}