{"id":779,"date":"2024-04-05T17:55:04","date_gmt":"2024-04-05T17:55:04","guid":{"rendered":"https:\/\/hausermexico.com\/?post_type=product&#038;p=779"},"modified":"2024-04-05T17:55:49","modified_gmt":"2024-04-05T17:55:49","slug":"cuadro-flores-love","status":"publish","type":"product","link":"https:\/\/hausermexico.com\/index.php\/product\/cuadro-flores-love\/","title":{"rendered":"CUADRO FLORES LOVE"},"content":{"rendered":"<p>El cuadro para pared es una hermosa pieza de decoraci\u00f3n que puede ayudar a transformar cualquier ambiente. Ya sea en la sala de estar, el dormitorio o incluso en la oficina, este cuadro seguramente captar\u00e1 la atenci\u00f3n de todos los que lo vean. Adem\u00e1s de su atractivo est\u00e9tico, el cuadro para pared tambi\u00e9n puede servir como punto focal en la decoraci\u00f3n de una habitaci\u00f3n, creando un ambiente acogedor y sofisticado. Colocarlo en la pared es muy sencillo y su durabilidad garantiza que pueda disfrutar de este magn\u00edfico cuadro durante mucho tiempo. \u00a1No esperes m\u00e1s para embellecer tu hogar con este cuadro para pared!<\/p>\n<p>MEDIDAS:\u00a035cm x 24.5cm x 2.5cm<br \/>MATERIAL: YUTE<\/p>\n","protected":false},"excerpt":{"rendered":"<p>El cuadro para pared es una hermosa pieza de decoraci\u00f3n que puede ayudar a transformar cualquier ambiente. Ya sea en la sala de estar, el dormitorio o incluso en la oficina, este cuadro seguramente captar\u00e1 la atenci\u00f3n de todos los que lo vean. Adem\u00e1s de su atractivo est\u00e9tico, el cuadro para pared tambi\u00e9n puede servir [&hellip;]<\/p>\n","protected":false},"featured_media":780,"comment_status":"open","ping_status":"closed","template":"","meta":{"_monsterinsights_skip_tracking":false,"_monsterinsights_sitenote_active":false,"_monsterinsights_sitenote_note":"","_monsterinsights_sitenote_category":0},"product_brand":[],"product_cat":[42],"product_tag":[],"class_list":{"0":"post-779","1":"product","2":"type-product","3":"status-publish","4":"has-post-thumbnail","6":"product_cat-outlet","8":"first","9":"instock","10":"taxable","11":"shipping-taxable","12":"purchasable","13":"product-type-simple"},"aioseo_notices":[],"_links":{"self":[{"href":"https:\/\/hausermexico.com\/index.php\/wp-json\/wp\/v2\/product\/779","targetHints":{"allow":["GET"]}}],"collection":[{"href":"https:\/\/hausermexico.com\/index.php\/wp-json\/wp\/v2\/product"}],"about":[{"href":"https:\/\/hausermexico.com\/index.php\/wp-json\/wp\/v2\/types\/product"}],"replies":[{"embeddable":true,"href":"https:\/\/hausermexico.com\/index.php\/wp-json\/wp\/v2\/comments?post=779"}],"version-history":[{"count":0,"href":"https:\/\/hausermexico.com\/index.php\/wp-json\/wp\/v2\/product\/779\/revisions"}],"wp:featuredmedia":[{"embeddable":true,"href":"https:\/\/hausermexico.com\/index.php\/wp-json\/wp\/v2\/media\/780"}],"wp:attachment":[{"href":"https:\/\/hausermexico.com\/index.php\/wp-json\/wp\/v2\/media?parent=779"}],"wp:term":[{"taxonomy":"product_brand","embeddable":true,"href":"https:\/\/hausermexico.com\/index.php\/wp-json\/wp\/v2\/product_brand?post=779"},{"taxonomy":"product_cat","embeddable":true,"href":"https:\/\/hausermexico.com\/index.php\/wp-json\/wp\/v2\/product_cat?post=779"},{"taxonomy":"product_tag","embeddable":true,"href":"https:\/\/hausermexico.com\/index.php\/wp-json\/wp\/v2\/product_tag?post=779"}],"curies":[{"name":"wp","href":"https:\/\/api.w.org\/{rel}","templated":true}]}}