{"id":928,"date":"2024-04-05T21:04:34","date_gmt":"2024-04-05T21:04:34","guid":{"rendered":"https:\/\/hausermexico.com\/?post_type=product&#038;p=928"},"modified":"2025-01-27T16:36:54","modified_gmt":"2025-01-27T16:36:54","slug":"set-de-3-rostros-negros","status":"publish","type":"product","link":"https:\/\/hausermexico.com\/index.php\/product\/set-de-3-rostros-negros\/","title":{"rendered":"SET DE 3 ROSTROS NEGROS"},"content":{"rendered":"<p>A\u00f1ade una dosis de arte y misterio a tu espacio con nuestro Set de 3 Rostros Negros. Estas cautivadoras esculturas presentan rostros abstractos en tonos negros, que a\u00f1aden un toque de dramatismo y estilo a cualquier ambiente. Col\u00f3calos en tu estanter\u00eda, mesa auxiliar o escritorio para crear un punto focal \u00fanico y expresivo en tu decoraci\u00f3n.<\/p>\n<p>Medidas: 30cm x 14cm c\/u<\/p>\n","protected":false},"excerpt":{"rendered":"<p>A\u00f1ade una dosis de arte y misterio a tu espacio con nuestro Set de 3 Rostros Negros. Estas cautivadoras esculturas presentan rostros abstractos en tonos negros, que a\u00f1aden un toque de dramatismo y estilo a cualquier ambiente. Col\u00f3calos en tu estanter\u00eda, mesa auxiliar o escritorio para crear un punto focal \u00fanico y expresivo en tu [&hellip;]<\/p>\n","protected":false},"featured_media":929,"comment_status":"open","ping_status":"closed","template":"","meta":{"_monsterinsights_skip_tracking":false,"_monsterinsights_sitenote_active":false,"_monsterinsights_sitenote_note":"","_monsterinsights_sitenote_category":0},"product_brand":[],"product_cat":[33,15],"product_tag":[],"class_list":{"0":"post-928","1":"product","2":"type-product","3":"status-publish","4":"has-post-thumbnail","6":"product_cat-accesorios","7":"product_cat-novedades","9":"first","10":"outofstock","11":"taxable","12":"shipping-taxable","13":"purchasable","14":"product-type-simple"},"aioseo_notices":[],"_links":{"self":[{"href":"https:\/\/hausermexico.com\/index.php\/wp-json\/wp\/v2\/product\/928","targetHints":{"allow":["GET"]}}],"collection":[{"href":"https:\/\/hausermexico.com\/index.php\/wp-json\/wp\/v2\/product"}],"about":[{"href":"https:\/\/hausermexico.com\/index.php\/wp-json\/wp\/v2\/types\/product"}],"replies":[{"embeddable":true,"href":"https:\/\/hausermexico.com\/index.php\/wp-json\/wp\/v2\/comments?post=928"}],"version-history":[{"count":2,"href":"https:\/\/hausermexico.com\/index.php\/wp-json\/wp\/v2\/product\/928\/revisions"}],"predecessor-version":[{"id":1066,"href":"https:\/\/hausermexico.com\/index.php\/wp-json\/wp\/v2\/product\/928\/revisions\/1066"}],"wp:featuredmedia":[{"embeddable":true,"href":"https:\/\/hausermexico.com\/index.php\/wp-json\/wp\/v2\/media\/929"}],"wp:attachment":[{"href":"https:\/\/hausermexico.com\/index.php\/wp-json\/wp\/v2\/media?parent=928"}],"wp:term":[{"taxonomy":"product_brand","embeddable":true,"href":"https:\/\/hausermexico.com\/index.php\/wp-json\/wp\/v2\/product_brand?post=928"},{"taxonomy":"product_cat","embeddable":true,"href":"https:\/\/hausermexico.com\/index.php\/wp-json\/wp\/v2\/product_cat?post=928"},{"taxonomy":"product_tag","embeddable":true,"href":"https:\/\/hausermexico.com\/index.php\/wp-json\/wp\/v2\/product_tag?post=928"}],"curies":[{"name":"wp","href":"https:\/\/api.w.org\/{rel}","templated":true}]}}